 + 0*s + 56 = 2*j. List the prime factors of j.
2
Let d(x) = x**2 - x + 62. Let z(i) = i**3 - 1. Let r be z(1). Let c be d(r). Suppose 0 = -u + 5*f + 25 + 16, 0 = u + 2*f - c. List the prime factors of u.
2, 7
Let p(m) = 5*m**2 - 30*m + 15. List the prime factors of p(10).
5, 43
Suppose 4*a = 4 + 4, 2*t + 4*a = 154. List the prime factors of 0 + (t - (6 - 2)).
3, 23
Suppose 98*n + 12 = 101*n. Suppose -3*c - 63 = -2*w, w + 4*c - 39 - 9 = 0. Suppose -w = n*i - 140. What are the prime factors of i?
2, 13
Suppose 0*z - 2*z + 4*d = 12, -5*z + 15 = 5*d. Suppose l - 4 = -z. Let x(j) = -j + 7. List the prime factors of x(l).
3
Suppose 6*o = 5*o. Suppose -4*h = 3*c - 25, 5*c + 0*h - h - 11 = o. List the prime factors of c.
3
Let k(g) = -38*g + 6. Let z(x) = -2*x - 18. Let d be z(-6). What are the prime factors of k(d)?
2, 3, 13
Let u(b) be the third derivative of -b**6/120 - 11*b**5/60 - 8*b**3/3 + 9*b**2. Let t be u(-11). Let f = t - -71. List the prime factors of f.
5, 11
Suppose 63489 = 38*m - 56249. What are the prime factors of m?
23, 137
Let c(o) = 12*o**2 + o - 1. Let l be c(3). Suppose -l = -6*z + 244. What are the prime factors of z?
59
Let g = 5 - 5. Suppose -4*v + v + 204 = g. Suppose l - v = -l. List the prime factors of l.
2, 17
Let m(t) = 2*t - 2. Let u be m(3). Let x = 76 + -34. Suppose 0 = 3*a - u*a + x. List the prime factors of a.
2, 3, 7
Let p = 493 - -111. List the prime factors of p.
2, 151
What are the prime factors of 1*-2 - -331*(-1 + 4)?
991
List the prime factors of -15 - -24 - 1158/(-1).
3, 389
List the prime factors of ((-9922)/22)/(3/(-12)).
2, 11, 41
Let d be 5*-8*4/20. Let p = d - 1. What are the prime factors of 46 - (4 - p/(-3))?
3, 5
Let s(r) = -9*r - 48. Suppose -8*x = 3*x + 66. List the prime factors of s(x).
2, 3
Suppose -2*o + 9 = -45. Let x be (-36)/o*(-6)/(-4). What are the prime factors of (-60)/(-2) - (-2)/x?
29
Suppose 0*l = -3*l - x + 16, -3*l = -5*x + 8. Let w = 23 + l. Let y = w - 11. What are the prime factors of y?
2
Let t(x) = 321*x**2 - 13*x - 29. What are the prime factors of t(-3)?
13, 223
Suppose g - 51 = -5*w, 2*g - 2*w - 33 = 81. Let y = g - 38. What are the prime factors of y?
2, 3
Let r(c) = c - 7. Let b(k) = -2*k + 14. Let w(q) = 4*b(q) + 9*r(q). Let y be w(5). What are the prime factors of ((-3)/y)/(8/16)?
3
Let z be -1 - -269 - (1 - (1 - 1)). Suppose 0 = 5*a + z - 737. List the prime factors of a.
2, 47
Let h(z) be the second derivative of z**4 - z**3/6 + z**2/2 + 2*z. Let r be h(-3). Suppose -3*s = -32 - r. List the prime factors of s.
2, 3
Let d(v) = 126*v - 280. List the prime factors of d(22).
2, 7, 89
Let u = -93 - -95. Suppose 0 = -4*h + 5*y - 6, 3*h - 2*h + 9 = 5*y. List the prime factors of 23*(u - h) + -1.
2, 11
Suppose -451 = -2*m - 177. Let b = m + -86. What are the prime factors of b?
3, 17
Let t(k) = k**3 - 5*k**2 - 7*k + 6. Let v be t(6). Let n be v*((-4)/(-4))/1. Suppose -4*h + 9*h - 90 = n. List the prime factors of h.
2, 3
Suppose 11*i = -18*i + 3132. List the prime factors of i.
2, 3
Let z = -19 - -10. Let y = 262 - 253. What are the prime factors of (z/(-3))/(y/12)?
2
Suppose 5 = -4*n + b + 17, 2*b = -2*n + 6. List the prime factors of (-1)/((-1)/75*n).
5
Let u(q) be the third derivative of -1/120*q**6 - 7/24*q**4 + 1/6*q**5 + 0*q + 0 - q**3 + 5*q**2. List the prime factors of u(9).
2, 3
Let c(k) = 3*k - 38. Let y be c(-16). Let i = 235 + y. What are the prime factors of i?
149
Let w(d) = -7*d + 58. Let n be w(14). List the prime factors of 144 - (8/36 - n/(-18)).
2, 73
Let a(z) = -z + 2. Let g be a(-2). Let f(o) be the second derivative of o**4/12 + 2*o**3/3 - o**2/2 + 72*o. List the prime factors of f(g).
31
Suppose 10 + 6 = 4*v. Suppose v*w - 23 = 9. Suppose 0 = -5*u + w*u - 57. What are the prime factors of u?
19
Let d = -121 - -402. What are the prime factors of d?
281
Suppose -5*l + 7 - 2 = 0. List the prime factors of (-275 + l)*(-14)/28.
137
Let s(h) = 242*h - 24. List the prime factors of s(4).
2, 59
Let c be -3 - -6 - (-1 - -1). Let d = c + 78. What are the prime factors of d?
3
Suppose 86*i + 34*i - 80880 = 0. List the prime factors of i.
2, 337
Let t(n) = n**3 - 8*n**2 + 2*n + 5. Let i be t(9). Suppose 0 = -3*a + 5*h + i, h + 2*h = 4*a - 157. List the prime factors of a.
43
List the prime factors of -4 - (-306 - (13 + -1)/3).
2, 3, 17
Suppose 2*y = -32*x + 37*x + 528, -4*y + 4*x = -1068. What are the prime factors of y?
269
Let o be (42/5)/((-3)/10). What are the prime factors of ((-69)/6 - -1)*o/3?
2, 7
List the prime factors of 12/(1*(-3)/(-2)) - -4038.
2, 7, 17
Let k be (2/2)/(8/(-8)). Let f be (-1)/(-2)*(k - -1). Suppose f = 3*n - 20 + 8, -5*n + 284 = 4*q. What are the prime factors of q?
2, 3, 11
Let w = -34 + 31. What are the prime factors of w/15 + (-136)/(-5)?
3
Suppose 5*n + 2 = 2. Suppose 3*b - 5*b + 192 = n. What are the prime factors of b?
2, 3
Let f(y) be the second derivative of y**3 + 3*y**2/2 - 2*y. What are the prime factors of f(12)?
3, 5
Let v = -3 + 1. Let w(g) = -105*g + 27. Let i(a) = 15*a - 4. Let m(f) = 27*i(f) + 4*w(f). What are the prime factors of m(v)?
2, 3, 5
Suppose 0*w - w - w = 0. Let k be 1*25 + (1 - 1). List the prime factors of (-3 - -1) + k + w.
23
Let t(x) = 64*x + 16. Let d be t(6). Suppose -3*z - 2*z + d = 0. What are the prime factors of z?
2, 5
Let l(p) = 2*p**2 + 26*p + 12. Let z be l(-24). Suppose 15*b - 10*b = z. List the prime factors of b.
2, 3
Let i be (50/(-15) - -3) + (-746)/(-6). Suppose -394 = -3*c - 3*y + 2*y, -c = 4*y - i. What are the prime factors of c?
2, 3, 11
Let l be 4*(0 + (0 - 2)). Let w = 2 + l. Let j(z) = z**2 + 3*z + 3. What are the prime factors of j(w)?
3, 7
Let t(m) = 14*m**2 - 16*m + 27. What are the prime factors of t(8)?
3, 5, 53
Let b be 2/8 + (-444)/(-16). Suppose -2*q = 4*k - b, 5*q - 30 - 13 = -k. Suppose -c = c - q. What are the prime factors of c?
2
Let t be (46/3)/(26/6 - 4). Let v be (-1 - -2 - -2)*9. Let z = t - v. What are the prime factors of z?
19
Suppose -367 = -5*y + g, -3*y = 5*g - 248 + 11. Let f = y - 9. List the prime factors of f.
5, 13
Let r be -3*(3 - (-28)/(-12)). Let d(p) = -p - 8. Let x be d(-5). List the prime factors of (x - r)/((-4)/128).
2
Suppose 154*j - 18 = 157*j. Let r(v) be the second derivative of -v**3/3 + 7*v**2/2 + v. List the prime factors of r(j).
19
Suppose -6*p + 2*p = 0. Suppose p = 5*o + 10 - 50. What are the prime factors of 34 + o/(4/(-1))?
2
Let s be -2 + 10/5*1. Suppose s = 6*v + 147 - 693. What are the prime factors of v?
7, 13
Let n(o) = o + 8. Let c be n(-6). Let f be 0 - -142 - c/1. Suppose -f = -3*m - 2*m. What are the prime factors of m?
2, 7
Suppose 30 = 5*h - 0*h. Let m(u) = -1 - 1 + 0 - h*u - 6*u. What are the prime factors of m(-5)?
2, 29
Let w = 1920 - 129. List the prime factors of w.
3, 199
Suppose g - 14 = -2*n - 3*n, -5*g + n = 8. List the prime factors of (42/14)/(g/(-7)).
3, 7
Suppose 901 + 204 = 3*i + 4*b, -2*b - 355 = -i. List the prime factors of i.
3, 11
Let t be (-7008)/(-36) - (-2)/6. Let q = -126 + t. What are the prime factors of q?
3, 23
Let g = -1123 - -1873. What are the prime factors of g?
2, 3, 5
Let i = -26 - -67. Suppose 3*p + p - i = -5*j, -14 = -p - 2*j. Suppose 0 = 2*c - 0*x - x - 68, -5*c + 167 = -p*x. What are the prime factors of c?
5, 7
Let b = 13 + -8. Suppose 51 = 3*y + 3*w, 3*w + 47 + 62 = b*y. Let t = 44 - y. What are the prime factors of t?
2, 3
Let y(f) = -8 + 14 - 6 + 30*f. Let p be y(-1). Let s = p + 34. List the prime factors of s.
2
Let n(v) = v**3 - 6*v**2 + 5*v + 7. Let w be n(5). Suppose 118 = w*g - 43. What are the prime factors of g?
23
Let t(a) = 831*a**3 - 2*a + 2. List the prime factors of t(1).
3, 277
Let l(t) = t**3 - 3*t**2 - t + 4. Let g be l(3). Let x(o) = o. Let w(u) = -3*u + 10. Let j(n) = g*w(n) + x(n). List the prime factors of j(-12).
2, 17
Suppose 0 = 3*v - 2*x - 17, 0 = -5*v + 3*v + 2*x + 14. Let j = v + 285. List the prime factors of j.
2, 3
Let q(z) = z**3 - 16*z**2 + 22*z - 12. Let c be q(15). Suppose 3*d = c + 102. What are the prime factors of d?
5, 13
Let p(k) = -4 + 1 + 4*k - k**3 + 16*k**2 + 8. Let y be p(16). Suppose -t = 3*q - y, -2*q - t + 24 + 21 = 0. What are the prime factors of q?
2, 3
Let m(j) = j**2 - 6*j. Let n be m(6). Suppose -5*s + 25 = n, 0 = 3*k - 2*s +